he units digit of s(b)?
8
Suppose 14 = 5*j - 11. Let a(z) = 13*z + z + 16 + 4*z**2 - 4*z - j*z**2. What is the units digit of a(11)?
5
Let k(t) = 888*t - 172. What is the hundreds digit of k(4)?
3
Let t = -6 + 12. Let x(g) = g**3 - 6*g**2 + 7*g - 5. Let m be x(t). Suppose -3*f = -m - 80. What is the tens digit of f?
3
Suppose 20*z - 5558 - 5982 = 0. What is the units digit of z?
7
Let f = -1007 + 2378. What is the tens digit of f?
7
Let r(v) = -60*v - 133. What is the units digit of r(-8)?
7
Let l be 12/8*38/3. Suppose -7*s + l + 23 = 0. What is the units digit of s?
6
Let s = 0 - -32. Suppose s*i = 27*i + 95. Suppose -4*y = 4*r - 240, r + i = -2*y + 136. What is the units digit of y?
7
Let v(c) = 29*c**2 - 5*c - 8. What is the units digit of v(4)?
6
Let o be (6/(-7))/((-8)/(-56)). Let m be 2 + (3 + o)*1. Let f(q) = -4*q**3 + q**2 + 2*q + 1. What is the units digit of f(m)?
4
Suppose 7*z - 4598 = -4*z. What is the tens digit of z?
1
Suppose y + 3*r = 15, 3*y - 16 = 5*r + 43. Suppose 0 = -g + 3*i + 44, g - 2*i - 23 = y. Let v = g - 18. What is the tens digit of v?
1
Let c(q) = 31*q**2 - q. Suppose -12 = -2*s + 6*s. Let u be s/(-5) + (-4)/(-10). What is the units digit of c(u)?
0
Let s be (2 - 7)/(-5 + (1 - -3)). Suppose 0 = -5*p + 6 + 9. Suppose 4*k - 44 - 41 = 3*f, 0 = -p*k + s*f + 61. What is the units digit of k?
2
Let y(d) = 4 - 4 - 10 + 9*d - d**2. What is the units digit of y(4)?
0
Let m = -706 + 898. What is the tens digit of m?
9
Let g be 97 + (-3 - (-3 + -4)). Let o = 175 - g. What is the tens digit of o?
7
Suppose c - 5*c + 8 = 4*p, c - 4*p - 7 = 0. Suppose 2*z = -c*z. Suppose 2*i - 4*i + 56 = z. What is the tens digit of i?
2
What is the tens digit of (-336)/(-18)*495/22?
2
Suppose 3*t = 2*t + 5*n - 9, -5*t - 3*n = -11. Let y be (t + (-6)/4)*-2. What is the tens digit of 28/2 - (0 + y)?
1
Suppose -2*w + 13 = 95. What is the tens digit of 3/(-5)*w + (-48)/(-120)?
2
What is the units digit of (-1712)/(-10) - ((-10)/(-50) + 0)?
1
Let v(d) = d**3 - 3*d**2 + 5*d - 2. Let y be v(3). Let a(q) = q**3 + 6*q**2 - 3. Let h be a(-5). Let x = h - y. What is the units digit of x?
9
Suppose -l - 5*m = -19, 3*l - 27 = m - 6*m. Suppose -l*c - 1 + 9 = 0. Suppose s + 4*w - 2 = 4, 4*s + c*w = 24. What is the units digit of s?
6
Let s = 1151 + 55. What is the tens digit of s?
0
Let v(q) = 2*q + 4. Suppose 2*i - 2*h - 47 - 11 = 0, 102 = 3*i + 2*h. Suppose 2*m = 5*t - 10, t + i = 4*m + 4*t. What is the tens digit of v(m)?
1
What is the units digit of (13481/39)/(5/45)?
1
What is the tens digit of (-5)/((-105)/(-518))*138/(-4)?
5
What is the hundreds digit of 780 + 6 + (-35)/7?
7
Let k = -385 + 829. What is the hundreds digit of k?
4
Let v(b) be the second derivative of -b**5/20 - 17*b**4/12 - 4*b**3 - 14*b**2 + 17*b. What is the tens digit of v(-16)?
0
Let k be (1/(-2))/(7/(-350)). Suppose 5*o = 355 - k. What is the tens digit of o?
6
Let k(h) = h - 1. Let d(t) = -199*t - 30. Let j(q) = -d(q) + 4*k(q). Let o be j(-6). What is the tens digit of o/(-17) + (-2)/17?
7
Suppose 4*y - 2020 = -g, -6043 = -3*g + 9*y - 4*y. What is the thousands digit of g?
2
Let a(s) = 4*s**2 - 6*s + 8. Let y = -27 + 28. Let o be 84/24 - y/(-2). What is the tens digit of a(o)?
4
Let v(g) = -2*g - 5. Let t be v(-5). Suppose -t*d = z + 5, z = -4*d - 5 + 1. What is the tens digit of (4/(-10) - z)*-40?
1
Suppose 2*l - 1 = l. Suppose -9*j + 5*j = -432. What is the tens digit of (l - -1) + j/6?
2
What is the tens digit of 4 + (168/16)/((-1)/(-18))?
9
Suppose -4*n - q = -689, -11*q - 511 = -3*n - 6*q. What is the tens digit of n?
7
Let f = -1979 - -3034. What is the thousands digit of f?
1
Suppose 3*x - 75 + 54 = 0. Suppose -b - 666 = -x*b. What is the units digit of b?
1
Let m(j) = 4*j - 11. Let u(y) = -13*y + 33. Let g(l) = -17*m(l) - 6*u(l). What is the tens digit of g(12)?
0
Suppose 265 + 2513 = 5*r + 3*o, o + 1109 = 2*r. What is the units digit of r?
5
Let n be 2 + 44 + -4 - 5. Suppose -25 = 2*y + 3*y. Let m = y + n. What is the tens digit of m?
3
Let m(y) = -y**2 + 36. Let h be m(0). Let z = 23 - h. Let u = z - -45. What is the units digit of u?
2
What is the tens digit of (-1 - 6 - 104/(-8)) + 983?
8
Suppose 26*b = 22*b - 5*z + 47, -4*b = -2*z - 26. What is the units digit of b?
8
Suppose -17*p + 728 = -88. What is the units digit of p?
8
Let y(z) = -4*z**2 + 3*z - 5. Let a be y(2). What is the units digit of ((-6)/a)/((-6)/(-555))?
7
What is the units digit of (125 + 4)*(20/(-12) + 4)?
1
Let f(x) = -x**2 + 5*x + 3. Let u be f(0). Suppose -98 = -u*j + 208. What is the hundreds digit of j?
1
Let u(c) = -c**3 - 6*c**2 - 4*c + 12. Let a be u(-5). Suppose 393 = -4*g + a*g. What is the tens digit of g?
3
Let w(j) = j - 2. Let h be w(4). Let g be (h/4)/(4/88). Suppose a = g + 14. What is the tens digit of a?
2
Suppose 27 = 7*q - 442. Suppose 257 = 3*g - t, q = 4*g + t - 285. What is the units digit of g?
7
What is the tens digit of -2*(-6)/(-24) + 5158/4?
8
Suppose -20*n = -13*n - 938. What is the tens digit of n?
3
Let k(f) be the third derivative of f**6/120 - f**5/60 - f**4/8 + f**3/3 + 37*f**2 + 2*f. Let r be 2*(-1)/(4/(-6)). What is the tens digit of k(r)?
1
Let c(x) be the second derivative of 11*x**3 - 23*x**2/2 + 25*x + 2. What is the tens digit of c(5)?
0
Let r = 5073 - 3586. What is the tens digit of r?
8
Let a(k) = -4 + 10*k**2 + 10 + 1 + 2*k + 0. What is the tens digit of a(3)?
0
Let y be ((-42)/(-105))/(2/90). Let v = y + -13. Suppose -v*k = -2*k - 12. What is the units digit of k?
4
Suppose 5*y - 1866 = -2*p - p, 2*p + 3*y - 1243 = 0. What is the units digit of p?
7
Let l be (0 + 24/(-15))/((-1)/5). Suppose 3*h = l*h - 555. What is the units digit of h?
1
Let q(v) = 2*v**3 + 4*v**2 + 2. Let k be q(-3). Let l = 20 + k. Suppose l*z = 6*z - 92. What is the tens digit of z?
4
Suppose 1414 = a + 10*t - 5*t, -2*t = 2*a - 2820. What is the hundreds digit of a?
4
Let h(r) = 15*r + 26. Let j be (8 - (-152)/(-16))*28/(-6). What is the units digit of h(j)?
1
Suppose 3*h = -0*h + 72. Let f(o) = 12*o - 55. What is the hundreds digit of f(h)?
2
Let t = 65 + 23. Suppose 4*l = -4*b + t, 3*l + l = 0. What is the tens digit of b?
2
What is the thousands digit of (5 - 5/(-5)) + 2273?
2
Let v = 82 - 77. Suppose 3*q = -3, 457 = 8*i - v*i - 4*q. What is the units digit of i?
1
Let q(k) be the third derivative of k**4/24 + 35*k**3/2 - 4*k**2. What is the tens digit of q(0)?
0
Let q(y) = -y**2 + 111*y + 34. What is the tens digit of q(16)?
5
Let l(j) = 3*j - 11. Let y be l(6). Suppose -29 = 4*x - y*x + 2*b, 0 = 5*x - 4*b - 51. What is the units digit of x?
7
Let i = -711 - -2559. What is the thousands digit of i?
1
What is the units digit of 1/7 + 7680/42?
3
Let m(n) = n**3 + 15*n**2 + 15*n + 19. Let c be m(-14). Suppose 2*u = -5*p + c, -3 = -3*p - u - u. Let b(l) = 26*l**2 - 1. What is the tens digit of b(p)?
2
Let b(r) = -2 + r**2 + 2*r + 7*r - 2*r**2 - 2. Let v be b(8). Suppose 9 = q + 5*z, -5*q - 2*z + 133 + v = 0. What is the tens digit of q?
2
Let f = -718 + 1231. What is the tens digit of f?
1
Suppose -5*t + 27 = -3*f, 0*f = -3*t - 2*f + 1. Suppose t*o + o = 4. What is the units digit of o?
1
Let i(l) = 897*l**2 + 24*l + 45. What is the units digit of i(-2)?
5
Let t be (-12 + (3 - 1))*-1. Suppose 3*w - 5*h - 76 = 0, 5*w - 157 = 4*h - 52. Let m = w + t. What is the units digit of m?
7
Suppose -2*m + 0 = -2*r + 8, 3*m + 47 = -4*r. What is the units digit of ((-9)/2)/(m/18)?
9
Suppose 0*d + 2*d + 216 = 0. What is the hundreds digit of 2/4*2 + (-5 - d)?
1
Suppose s - 31 = 3*f, -4*s - 1 = -17. Let k be (-16)/f - 4/(-18). What is the units digit of (1/k)/((-1)/(-48))?
4
Let n = 77 + -83. Let x = 29 - 15. Let a = n + x. What is the units digit of a?
8
Let n(q) = q**3 + 10*q**2 - q + 2. Let g be n(-10). Let k = -4 + g. What is the units digit of (-132)/k*(2 - 4)?
3
Let r(f) = -4*f + 3. Let q(z) = -8*z + 6. Let l(n) = -6*q(n) + 11*r(n). Suppose -p = -8*p + 14. What is the units digit of l(p)?
5
Suppose 4*v = -4*k + 7856, 7*v - 3*k - 9804 = 2*v. What is the hundreds digit of v?
9
Let g = 216 - -740. What is the units digit of g?
6
Suppose -3*a = 4*u - 5663, 0*u - 2*u = a - 2829. What is the units digit of u?
2
Let v(w) = 5*w**2 - w + 19. Let x = 83 - 77. What is the tens digit of v(x)?
9
Let n(d